{"version":"1.0","provider_name":"Patronat Municipal d&#039;Escoles d&#039;Infants de l&#039;Ajuntament de Palma","provider_url":"https:\/\/palmaescolesinfants.cat\/es\/","title":"Motius de baixa de l'escola - Patronat Municipal d'Escoles d'Infants","type":"rich","width":600,"height":338,"html":"<blockquote class=\"wp-embedded-content\" data-secret=\"fNnwiRxQlw\"><a href=\"https:\/\/palmaescolesinfants.cat\/es\/bajas\/\">Bajas<\/a><\/blockquote><iframe sandbox=\"allow-scripts\" security=\"restricted\" src=\"https:\/\/palmaescolesinfants.cat\/es\/bajas\/embed\/#?secret=fNnwiRxQlw\" width=\"600\" height=\"338\" title=\"\u00abBajas\u00bb \u2014 Patronat Municipal d&#039;Escoles d&#039;Infants de l&#039;Ajuntament de Palma\" data-secret=\"fNnwiRxQlw\" frameborder=\"0\" marginwidth=\"0\" marginheight=\"0\" scrolling=\"no\" class=\"wp-embedded-content\"><\/iframe><script>\n\/*! This file is auto-generated *\/\n!function(d,l){\"use strict\";l.querySelector&&d.addEventListener&&\"undefined\"!=typeof URL&&(d.wp=d.wp||{},d.wp.receiveEmbedMessage||(d.wp.receiveEmbedMessage=function(e){var t=e.data;if((t||t.secret||t.message||t.value)&&!\/[^a-zA-Z0-9]\/.test(t.secret)){for(var s,r,n,a=l.querySelectorAll('iframe[data-secret=\"'+t.secret+'\"]'),o=l.querySelectorAll('blockquote[data-secret=\"'+t.secret+'\"]'),c=new RegExp(\"^https?:$\",\"i\"),i=0;i<o.length;i++)o[i].style.display=\"none\";for(i=0;i<a.length;i++)s=a[i],e.source===s.contentWindow&&(s.removeAttribute(\"style\"),\"height\"===t.message?(1e3<(r=parseInt(t.value,10))?r=1e3:~~r<200&&(r=200),s.height=r):\"link\"===t.message&&(r=new URL(s.getAttribute(\"src\")),n=new URL(t.value),c.test(n.protocol))&&n.host===r.host&&l.activeElement===s&&(d.top.location.href=t.value))}},d.addEventListener(\"message\",d.wp.receiveEmbedMessage,!1),l.addEventListener(\"DOMContentLoaded\",function(){for(var e,t,s=l.querySelectorAll(\"iframe.wp-embedded-content\"),r=0;r<s.length;r++)(t=(e=s[r]).getAttribute(\"data-secret\"))||(t=Math.random().toString(36).substring(2,12),e.src+=\"#?secret=\"+t,e.setAttribute(\"data-secret\",t)),e.contentWindow.postMessage({message:\"ready\",secret:t},\"*\")},!1)))}(window,document);\n\/\/# sourceURL=https:\/\/palmaescolesinfants.cat\/wp-includes\/js\/wp-embed.min.js\n<\/script>\n","description":"ADMISI\u00d3N Bajas La acumulaci\u00f3n de faltas de asistencia sin justificar implica la p\u00e9rdida de plaza. Las faltas de asistencia son justificadas si el motivo de justificaci\u00f3n es uno de los siguientes: Enfermedad del alumnado. Cita del alumnado con el\/la pediatra o especialista. Ingreso hospitalario. Muerte o enfermedad grave de un familiar de primera l\u00ednea de [&hellip;]"}

ADMISIÓN Bajas La acumulación de faltas de asistencia sin justificar implica la pérdida de plaza. Las faltas de asistencia son justificadas si el motivo de justificación es uno de los siguientes: Enfermedad del alumnado. Cita del alumnado con el/la pediatra o especialista. Ingreso hospitalario. Muerte o enfermedad grave de un familiar de primera línea de [&hellip;]
